{"id":132,"date":"2025-04-14T06:44:18","date_gmt":"2025-04-14T04:44:18","guid":{"rendered":"https:\/\/recyfer.com\/?page_id=132"},"modified":"2025-04-14T06:47:14","modified_gmt":"2025-04-14T04:47:14","slug":"demande-de-devis","status":"publish","type":"page","link":"https:\/\/recyfer.com\/?page_id=132","title":{"rendered":"Demande de devis"},"content":{"rendered":"\n<div class=\"wp-block-columns is-layout-flex wp-container-core-columns-is-layout-28f84493 wp-block-columns-is-layout-flex\">\n<div class=\"wp-block-column is-layout-flow wp-block-column-is-layout-flow\" style=\"flex-basis:33.33%\">\n<div style=\"height:49px\" aria-hidden=\"true\" class=\"wp-block-spacer\"><\/div>\n\n\n\n<p>Contactez-nous pour que nous puissions \u00e9tablir le devis id\u00e9al pour votre besoin.<\/p>\n\n\n\n<p>Nous vous r\u00e9pondons dans les meilleurs d\u00e9lais.<\/p>\n\n\n\n<h2 class=\"wp-block-heading\">Notre T\u00e9l\u00e9phone<\/h2>\n\n\n\n<p>+590-691-25 40 15<\/p>\n\n\n\n<h2 class=\"wp-block-heading\">Notre adresse<\/h2>\n\n\n\n<p>Lasserre 97111<\/p>\n\n\n\n<p>Morne-\u00e0-L\u2019Eau<\/p>\n\n\n\n<figure class=\"wp-block-image size-large\"><img loading=\"lazy\" decoding=\"async\" width=\"1024\" height=\"788\" src=\"https:\/\/recyfer.com\/wp-content\/uploads\/2025\/04\/Capture-decran-2025-04-14-a-04.31.26-1024x788.png\" alt=\"\" class=\"wp-image-88\" srcset=\"https:\/\/recyfer.com\/wp-content\/uploads\/2025\/04\/Capture-decran-2025-04-14-a-04.31.26-1024x788.png 1024w, https:\/\/recyfer.com\/wp-content\/uploads\/2025\/04\/Capture-decran-2025-04-14-a-04.31.26-300x231.png 300w, https:\/\/recyfer.com\/wp-content\/uploads\/2025\/04\/Capture-decran-2025-04-14-a-04.31.26.png 1182w\" sizes=\"auto, (max-width: 1024px) 100vw, 1024px\" \/><\/figure>\n<\/div>\n\n\n\n<div class=\"wp-block-column is-layout-flow wp-block-column-is-layout-flow\" style=\"flex-basis:66.66%\"><div class=\"wpforms-container wpforms-container-full wpforms-block wpforms-block-93b15bc2-0412-4c84-a789-448b7b2eb1c9 wpforms-render-modern\" id=\"wpforms-108\"><form id=\"wpforms-form-108\" class=\"wpforms-validate wpforms-form wpforms-ajax-form\" data-formid=\"108\" method=\"post\" enctype=\"multipart\/form-data\" action=\"\/index.php?rest_route=%2Fwp%2Fv2%2Fpages%2F132\" data-token=\"32680648643ca43d26e4a18f68088f23\" data-token-time=\"1778765147\"><noscript class=\"wpforms-error-noscript\">Please enable JavaScript in your browser to complete this form.<\/noscript><div class=\"wpforms-hidden\" id=\"wpforms-error-noscript\">Please enable JavaScript in your browser to complete this form.<\/div><div class=\"wpforms-field-container\"><div id=\"wpforms-108-field_1-container\" class=\"wpforms-field wpforms-field-name\" data-field-id=\"1\"><fieldset><legend class=\"wpforms-field-label\">Nom <span class=\"wpforms-required-label\" aria-hidden=\"true\">*<\/span><\/legend><div class=\"wpforms-field-row wpforms-field-medium\"><div class=\"wpforms-field-row-block wpforms-first wpforms-one-half\"><input type=\"text\" id=\"wpforms-108-field_1\" class=\"wpforms-field-name-first wpforms-field-required\" name=\"wpforms[fields][1][first]\" aria-errormessage=\"wpforms-108-field_1-error\" required><label for=\"wpforms-108-field_1\" class=\"wpforms-field-sublabel after\">First<\/label><\/div><div class=\"wpforms-field-row-block wpforms-one-half\"><input type=\"text\" id=\"wpforms-108-field_1-last\" class=\"wpforms-field-name-last wpforms-field-required\" name=\"wpforms[fields][1][last]\" aria-errormessage=\"wpforms-108-field_1-last-error\" required><label for=\"wpforms-108-field_1-last\" class=\"wpforms-field-sublabel after\">Last<\/label><\/div><\/div><\/fieldset><\/div><div id=\"wpforms-108-field_3-container\" class=\"wpforms-field wpforms-field-email\" data-field-id=\"3\"><label class=\"wpforms-field-label\" for=\"wpforms-108-field_3\">E-mail <span class=\"wpforms-required-label\" aria-hidden=\"true\">*<\/span><\/label><input type=\"email\" id=\"wpforms-108-field_3\" class=\"wpforms-field-medium wpforms-field-required\" name=\"wpforms[fields][3]\" spellcheck=\"false\" aria-errormessage=\"wpforms-108-field_3-error\" required><\/div><div id=\"wpforms-108-field_2-container\" class=\"wpforms-field wpforms-field-text\" data-field-id=\"2\"><label class=\"wpforms-field-label\" for=\"wpforms-108-field_2\">Prestation d\u00e9sir\u00e9e<\/label><input type=\"text\" id=\"wpforms-108-field_2\" class=\"wpforms-field-medium\" name=\"wpforms[fields][2]\" aria-errormessage=\"wpforms-108-field_2-error\" ><\/div><div id=\"wpforms-108-field_4-container\" class=\"wpforms-field wpforms-field-text\" data-field-id=\"4\"><label class=\"wpforms-field-label\" for=\"wpforms-108-field_4\">Surface<\/label><input type=\"text\" id=\"wpforms-108-field_4\" class=\"wpforms-field-medium\" name=\"wpforms[fields][4]\" aria-errormessage=\"wpforms-108-field_4-error\" ><\/div><div id=\"wpforms-108-field_5-container\" class=\"wpforms-field wpforms-field-textarea\" data-field-id=\"5\"><label class=\"wpforms-field-label\" for=\"wpforms-108-field_5\">Description du besoin<\/label><textarea id=\"wpforms-108-field_5\" class=\"wpforms-field-medium\" name=\"wpforms[fields][5]\" aria-errormessage=\"wpforms-108-field_5-error\" ><\/textarea><\/div><\/div><!-- .wpforms-field-container --><div class=\"wpforms-submit-container\" ><input type=\"hidden\" name=\"wpforms[id]\" value=\"108\"><input type=\"hidden\" name=\"page_title\" value=\"\"><input type=\"hidden\" name=\"page_url\" value=\"https:\/\/recyfer.com\/index.php?rest_route=\/wp\/v2\/pages\/132\"><input type=\"hidden\" name=\"url_referer\" value=\"\"><button type=\"submit\" name=\"wpforms[submit]\" id=\"wpforms-submit-108\" class=\"wpforms-submit\" data-alt-text=\"Envoi...\" data-submit-text=\"Envoyer\" aria-live=\"assertive\" value=\"wpforms-submit\">Envoyer<\/button><img loading=\"lazy\" decoding=\"async\" src=\"https:\/\/recyfer.com\/wp-content\/plugins\/wpforms-lite\/assets\/images\/submit-spin.svg\" class=\"wpforms-submit-spinner\" style=\"display: none;\" width=\"26\" height=\"26\" alt=\"Loading\"><\/div><\/form><\/div>  <!-- .wpforms-container --><\/div>\n<\/div>\n","protected":false},"excerpt":{"rendered":"<p>Contactez-nous pour que nous puissions \u00e9tablir le devis id\u00e9al pour votre besoin. Nous vous r\u00e9pondons dans les meilleurs d\u00e9lais. Notre T\u00e9l\u00e9phone +590-691-25 40 15 Notre adresse Lasserre 97111 Morne-\u00e0-L\u2019Eau<\/p>\n","protected":false},"author":1,"featured_media":35,"parent":0,"menu_order":0,"comment_status":"closed","ping_status":"closed","template":"","meta":{"footnotes":""},"class_list":["post-132","page","type-page","status-publish","has-post-thumbnail","hentry"],"featured_media_urls":{"thumbnail":["https:\/\/recyfer.com\/wp-content\/uploads\/2025\/04\/iron-1508269_1920-150x150.jpg",150,150,true],"medium":["https:\/\/recyfer.com\/wp-content\/uploads\/2025\/04\/iron-1508269_1920-300x128.jpg",300,128,true],"medium_large":["https:\/\/recyfer.com\/wp-content\/uploads\/2025\/04\/iron-1508269_1920.jpg",768,326,false],"large":["https:\/\/recyfer.com\/wp-content\/uploads\/2025\/04\/iron-1508269_1920-1024x435.jpg",950,404,true],"1536x1536":["https:\/\/recyfer.com\/wp-content\/uploads\/2025\/04\/iron-1508269_1920-1536x653.jpg",1536,653,true],"2048x2048":["https:\/\/recyfer.com\/wp-content\/uploads\/2025\/04\/iron-1508269_1920.jpg",1920,816,false],"inspiro-featured-image":["https:\/\/recyfer.com\/wp-content\/uploads\/2025\/04\/iron-1508269_1920.jpg",1920,816,false],"inspiro-loop":["https:\/\/recyfer.com\/wp-content\/uploads\/2025\/04\/iron-1508269_1920-950x320.jpg",950,320,true],"inspiro-loop@2x":["https:\/\/recyfer.com\/wp-content\/uploads\/2025\/04\/iron-1508269_1920-1900x640.jpg",1900,640,true],"portfolio_item-thumbnail":["https:\/\/recyfer.com\/wp-content\/uploads\/2025\/04\/iron-1508269_1920-600x400.jpg",600,400,true],"portfolio_item-thumbnail@2x":["https:\/\/recyfer.com\/wp-content\/uploads\/2025\/04\/iron-1508269_1920-1200x800.jpg",1200,800,true],"portfolio_item-masonry":["https:\/\/recyfer.com\/wp-content\/uploads\/2025\/04\/iron-1508269_1920-600x255.jpg",600,255,true],"portfolio_item-masonry@2x":["https:\/\/recyfer.com\/wp-content\/uploads\/2025\/04\/iron-1508269_1920-1200x510.jpg",1200,510,true],"portfolio_item-thumbnail_cinema":["https:\/\/recyfer.com\/wp-content\/uploads\/2025\/04\/iron-1508269_1920-800x335.jpg",800,335,true],"portfolio_item-thumbnail_portrait":["https:\/\/recyfer.com\/wp-content\/uploads\/2025\/04\/iron-1508269_1920-600x816.jpg",600,816,true],"portfolio_item-thumbnail_portrait@2x":["https:\/\/recyfer.com\/wp-content\/uploads\/2025\/04\/iron-1508269_1920-1200x816.jpg",1200,816,true],"portfolio_item-thumbnail_square":["https:\/\/recyfer.com\/wp-content\/uploads\/2025\/04\/iron-1508269_1920-800x800.jpg",800,800,true]},"_links":{"self":[{"href":"https:\/\/recyfer.com\/index.php?rest_route=\/wp\/v2\/pages\/132","targetHints":{"allow":["GET"]}}],"collection":[{"href":"https:\/\/recyfer.com\/index.php?rest_route=\/wp\/v2\/pages"}],"about":[{"href":"https:\/\/recyfer.com\/index.php?rest_route=\/wp\/v2\/types\/page"}],"author":[{"embeddable":true,"href":"https:\/\/recyfer.com\/index.php?rest_route=\/wp\/v2\/users\/1"}],"replies":[{"embeddable":true,"href":"https:\/\/recyfer.com\/index.php?rest_route=%2Fwp%2Fv2%2Fcomments&post=132"}],"version-history":[{"count":4,"href":"https:\/\/recyfer.com\/index.php?rest_route=\/wp\/v2\/pages\/132\/revisions"}],"predecessor-version":[{"id":136,"href":"https:\/\/recyfer.com\/index.php?rest_route=\/wp\/v2\/pages\/132\/revisions\/136"}],"wp:featuredmedia":[{"embeddable":true,"href":"https:\/\/recyfer.com\/index.php?rest_route=\/wp\/v2\/media\/35"}],"wp:attachment":[{"href":"https:\/\/recyfer.com\/index.php?rest_route=%2Fwp%2Fv2%2Fmedia&parent=132"}],"curies":[{"name":"wp","href":"https:\/\/api.w.org\/{rel}","templated":true}]}}