{"id":19,"date":"2025-04-14T00:19:50","date_gmt":"2025-04-13T22:19:50","guid":{"rendered":"https:\/\/recyfer.com\/?page_id=19"},"modified":"2025-04-16T00:11:32","modified_gmt":"2025-04-15T22:11:32","slug":"about","status":"publish","type":"page","link":"https:\/\/recyfer.com\/?page_id=19","title":{"rendered":"\u00c0 propos"},"content":{"rendered":"\n<h2 class=\"wp-block-heading has-large-font-size\" id=\"inspiro-is-a-digital-product-agency-that-focuses-on-strategy-and-design\" style=\"font-style:normal;font-weight:100\"><strong>Recyfer est une entreprise de recyclage de mat\u00e9riaux non dangereux<\/strong><\/h2>\n\n\n\n<div style=\"height:20px\" aria-hidden=\"true\" class=\"wp-block-spacer\"><\/div>\n\n\n\n<div class=\"wp-block-columns alignwide is-layout-flex wp-container-core-columns-is-layout-28f84493 wp-block-columns-is-layout-flex\">\n<div class=\"wp-block-column is-layout-flow wp-block-column-is-layout-flow\">\n<figure class=\"wp-block-image size-large\"><img loading=\"lazy\" decoding=\"async\" width=\"1024\" height=\"614\" src=\"https:\/\/recyfer.com\/wp-content\/uploads\/2025\/04\/recypher-fond-globe-1024x614.png\" alt=\"\" class=\"wp-image-96\" srcset=\"https:\/\/recyfer.com\/wp-content\/uploads\/2025\/04\/recypher-fond-globe-1024x614.png 1024w, https:\/\/recyfer.com\/wp-content\/uploads\/2025\/04\/recypher-fond-globe-300x180.png 300w, https:\/\/recyfer.com\/wp-content\/uploads\/2025\/04\/recypher-fond-globe-1536x922.png 1536w, https:\/\/recyfer.com\/wp-content\/uploads\/2025\/04\/recypher-fond-globe-600x360.png 600w, https:\/\/recyfer.com\/wp-content\/uploads\/2025\/04\/recypher-fond-globe-1200x720.png 1200w, https:\/\/recyfer.com\/wp-content\/uploads\/2025\/04\/recypher-fond-globe.png 2000w\" sizes=\"auto, (max-width: 1024px) 100vw, 1024px\" \/><\/figure>\n\n\n\n<p class=\"has-black-color has-text-color has-medium-font-size\"><a href=\"#\">Notre \u00c9quipe<\/a><\/p>\n\n\n\n<p class=\"has-text-color\" style=\"color:#7a7a7a\">\u00c0 chaque mission, le g\u00e9rant Didier Baratiny mets en place une \u00e9quipe d&#8217;experts pour l&#8217;ouvrage. Le noyau de l&#8217;entreprise est compos\u00e9e de son bras droit ainsi que de son assistante administrative.<\/p>\n<\/div>\n\n\n\n<div class=\"wp-block-column is-layout-flow wp-block-column-is-layout-flow\">\n<figure class=\"wp-block-image size-large\"><img loading=\"lazy\" decoding=\"async\" width=\"1024\" height=\"585\" src=\"https:\/\/recyfer.com\/wp-content\/uploads\/2025\/04\/planet-8660653_1920-1024x585.jpg\" alt=\"\" class=\"wp-image-119\" srcset=\"https:\/\/recyfer.com\/wp-content\/uploads\/2025\/04\/planet-8660653_1920-1024x585.jpg 1024w, https:\/\/recyfer.com\/wp-content\/uploads\/2025\/04\/planet-8660653_1920-300x171.jpg 300w, https:\/\/recyfer.com\/wp-content\/uploads\/2025\/04\/planet-8660653_1920-1536x878.jpg 1536w, https:\/\/recyfer.com\/wp-content\/uploads\/2025\/04\/planet-8660653_1920-600x343.jpg 600w, https:\/\/recyfer.com\/wp-content\/uploads\/2025\/04\/planet-8660653_1920-1200x686.jpg 1200w, https:\/\/recyfer.com\/wp-content\/uploads\/2025\/04\/planet-8660653_1920.jpg 1920w\" sizes=\"auto, (max-width: 1024px) 100vw, 1024px\" \/><\/figure>\n\n\n\n<p class=\"has-black-color has-text-color has-medium-font-size\"><a href=\"#\">Notre Philosophie<\/a><\/p>\n\n\n\n<p class=\"has-text-color\" style=\"color:#7a7a7a\">Pr\u00e9server la nature tout en cr\u00e9ant de l&#8217;emploi et en participant au d\u00e9veloppement durable.<\/p>\n<\/div>\n\n\n\n<div class=\"wp-block-column is-layout-flow wp-block-column-is-layout-flow\">\n<figure class=\"wp-block-image size-large\"><img loading=\"lazy\" decoding=\"async\" width=\"1024\" height=\"576\" src=\"https:\/\/recyfer.com\/wp-content\/uploads\/2025\/04\/scrapyard-2441432_1920-1024x576.jpg\" alt=\"\" class=\"wp-image-123\" srcset=\"https:\/\/recyfer.com\/wp-content\/uploads\/2025\/04\/scrapyard-2441432_1920-1024x576.jpg 1024w, https:\/\/recyfer.com\/wp-content\/uploads\/2025\/04\/scrapyard-2441432_1920-300x169.jpg 300w, https:\/\/recyfer.com\/wp-content\/uploads\/2025\/04\/scrapyard-2441432_1920.jpg 1920w\" sizes=\"auto, (max-width: 1024px) 100vw, 1024px\" \/><\/figure>\n\n\n\n<p class=\"has-black-color has-text-color has-medium-font-size\"><a href=\"#\">Services<\/a><\/p>\n\n\n\n<p class=\"has-text-color\" style=\"color:#7a7a7a\">Ramassage, d\u00e9coupage et recyclage des mat\u00e9riaux non dangereux.<\/p>\n<\/div>\n<\/div>\n\n\n\n<h3 class=\"wp-block-heading has-large-font-size\" id=\"inspiro-is-a-digital-product-agency-that-focuses-on-strategy-and-desig\" style=\"font-style:normal;font-weight:300\">Fondateur:<\/h3>\n\n\n\n<div class=\"wp-block-media-text is-stacked-on-mobile\" style=\"grid-template-columns:22% auto\"><figure class=\"wp-block-media-text__media\"><img loading=\"lazy\" decoding=\"async\" width=\"564\" height=\"684\" src=\"https:\/\/recyfer.com\/wp-content\/uploads\/2025\/04\/Capture-decran-2025-04-15-a-23.56.34.png\" alt=\"\" class=\"wp-image-185 size-full\" srcset=\"https:\/\/recyfer.com\/wp-content\/uploads\/2025\/04\/Capture-decran-2025-04-15-a-23.56.34.png 564w, https:\/\/recyfer.com\/wp-content\/uploads\/2025\/04\/Capture-decran-2025-04-15-a-23.56.34-247x300.png 247w\" sizes=\"auto, (max-width: 564px) 100vw, 564px\" \/><\/figure><div class=\"wp-block-media-text__content\">\n<p>Didier Baratiny cr\u00e9e Recyfer parce qu&#8217;il se rend compte que c&#8217;est un r\u00e9el besoin sur son \u00eele La Guadeloupe.<\/p>\n\n\n\n<div class=\"wp-block-buttons is-layout-flex wp-block-buttons-is-layout-flex\">\n<div class=\"wp-block-button\"><a class=\"wp-block-button__link wp-element-button\" href=\"https:\/\/recyfer.com\/?page_id=132\">DEMANDER UN DEVIS<\/a><\/div>\n<\/div>\n<\/div><\/div>\n\n\n\n<div style=\"height:100px\" aria-hidden=\"true\" class=\"wp-block-spacer\"><\/div>\n\n\n\n<div class=\"wp-block-cover alignfull\" style=\"padding-top:50px;padding-right:50px;padding-bottom:50px;padding-left:50px;min-height:316px;aspect-ratio:unset;\"><span aria-hidden=\"true\" class=\"wp-block-cover__background has-black-background-color has-background-dim-100 has-background-dim\"><\/span><div class=\"wp-block-cover__inner-container is-layout-flow wp-block-cover-is-layout-flow\">\n<div class=\"wp-block-columns are-vertically-aligned-center is-layout-flex wp-container-core-columns-is-layout-28f84493 wp-block-columns-is-layout-flex\">\n<div class=\"wp-block-column is-vertically-aligned-center is-layout-flow wp-block-column-is-layout-flow\" style=\"padding-top:20px;padding-right:0px;padding-bottom:20px;padding-left:0px\">\n<div class=\"wp-block-group is-content-justification-space-between is-nowrap is-layout-flex wp-container-core-group-is-layout-bb3dfb5c wp-block-group-is-layout-flex\">\n<div class=\"wp-block-group is-nowrap is-layout-flex wp-container-core-group-is-layout-6c531013 wp-block-group-is-layout-flex\">\n<figure class=\"wp-block-image size-full\"><img loading=\"lazy\" decoding=\"async\" width=\"454\" height=\"692\" src=\"https:\/\/recyfer.com\/wp-content\/uploads\/2025\/04\/Capture-decran-2025-04-16-a-00.02.10.png\" alt=\"\" class=\"wp-image-189\" srcset=\"https:\/\/recyfer.com\/wp-content\/uploads\/2025\/04\/Capture-decran-2025-04-16-a-00.02.10.png 454w, https:\/\/recyfer.com\/wp-content\/uploads\/2025\/04\/Capture-decran-2025-04-16-a-00.02.10-197x300.png 197w\" sizes=\"auto, (max-width: 454px) 100vw, 454px\" \/><\/figure>\n<\/div>\n<\/div>\n<\/div>\n\n\n\n<div class=\"wp-block-column is-layout-flow wp-block-column-is-layout-flow\">\n<figure class=\"wp-block-image size-large\"><img loading=\"lazy\" decoding=\"async\" width=\"1024\" height=\"473\" src=\"https:\/\/recyfer.com\/wp-content\/uploads\/2025\/04\/20231221_102319-1024x473.jpg\" alt=\"\" class=\"wp-image-175\" srcset=\"https:\/\/recyfer.com\/wp-content\/uploads\/2025\/04\/20231221_102319-1024x473.jpg 1024w, https:\/\/recyfer.com\/wp-content\/uploads\/2025\/04\/20231221_102319-300x139.jpg 300w, https:\/\/recyfer.com\/wp-content\/uploads\/2025\/04\/20231221_102319-2000x924.jpg 2000w\" sizes=\"auto, (max-width: 1024px) 100vw, 1024px\" \/><\/figure>\n\n\n\n<figure class=\"wp-block-image size-full\"><img loading=\"lazy\" decoding=\"async\" width=\"458\" height=\"956\" src=\"https:\/\/recyfer.com\/wp-content\/uploads\/2025\/04\/Capture-decran-2025-04-16-a-00.04.21.png\" alt=\"\" class=\"wp-image-190\" srcset=\"https:\/\/recyfer.com\/wp-content\/uploads\/2025\/04\/Capture-decran-2025-04-16-a-00.04.21.png 458w, https:\/\/recyfer.com\/wp-content\/uploads\/2025\/04\/Capture-decran-2025-04-16-a-00.04.21-144x300.png 144w\" sizes=\"auto, (max-width: 458px) 100vw, 458px\" \/><\/figure>\n<\/div>\n\n\n\n<div class=\"wp-block-column is-vertically-aligned-center is-layout-flow wp-block-column-is-layout-flow\" style=\"padding-top:20px;padding-right:0px;padding-bottom:20px;padding-left:0px\">\n<figure class=\"wp-block-image size-large is-resized\"><img loading=\"lazy\" decoding=\"async\" width=\"701\" height=\"1024\" src=\"https:\/\/recyfer.com\/wp-content\/uploads\/2025\/04\/Capture-decran-2025-04-14-a-02.19.19-701x1024.png\" alt=\"\" class=\"wp-image-187\" style=\"width:271px;height:auto\" srcset=\"https:\/\/recyfer.com\/wp-content\/uploads\/2025\/04\/Capture-decran-2025-04-14-a-02.19.19-701x1024.png 701w, https:\/\/recyfer.com\/wp-content\/uploads\/2025\/04\/Capture-decran-2025-04-14-a-02.19.19-205x300.png 205w, https:\/\/recyfer.com\/wp-content\/uploads\/2025\/04\/Capture-decran-2025-04-14-a-02.19.19.png 780w\" sizes=\"auto, (max-width: 701px) 100vw, 701px\" \/><\/figure>\n<\/div>\n<\/div>\n<\/div><\/div>\n","protected":false},"excerpt":{"rendered":"<p>Recyfer est une entreprise de recyclage de mat\u00e9riaux non dangereux Notre \u00c9quipe \u00c0 chaque mission, le g\u00e9rant Didier Baratiny mets en place une \u00e9quipe d&#8217;experts pour l&#8217;ouvrage. Le noyau de l&#8217;entreprise est compos\u00e9e de son bras droit ainsi que de son assistante administrative. Notre Philosophie Pr\u00e9server la nature tout en cr\u00e9ant de l&#8217;emploi et en &hellip; <\/p>\n<p class=\"link-more\"><a href=\"https:\/\/recyfer.com\/?page_id=19\" class=\"more-link\">Read more<span class=\"screen-reader-text\"> &#8220;\u00c0 propos&#8221;<\/span><\/a><\/p>\n","protected":false},"author":1,"featured_media":119,"parent":0,"menu_order":0,"comment_status":"closed","ping_status":"closed","template":"","meta":{"footnotes":""},"class_list":["post-19","page","type-page","status-publish","has-post-thumbnail","hentry"],"featured_media_urls":{"thumbnail":["https:\/\/recyfer.com\/wp-content\/uploads\/2025\/04\/planet-8660653_1920-150x150.jpg",150,150,true],"medium":["https:\/\/recyfer.com\/wp-content\/uploads\/2025\/04\/planet-8660653_1920-300x171.jpg",300,171,true],"medium_large":["https:\/\/recyfer.com\/wp-content\/uploads\/2025\/04\/planet-8660653_1920.jpg",768,439,false],"large":["https:\/\/recyfer.com\/wp-content\/uploads\/2025\/04\/planet-8660653_1920-1024x585.jpg",950,543,true],"1536x1536":["https:\/\/recyfer.com\/wp-content\/uploads\/2025\/04\/planet-8660653_1920-1536x878.jpg",1536,878,true],"2048x2048":["https:\/\/recyfer.com\/wp-content\/uploads\/2025\/04\/planet-8660653_1920.jpg",1920,1097,false],"inspiro-featured-image":["https:\/\/recyfer.com\/wp-content\/uploads\/2025\/04\/planet-8660653_1920.jpg",1920,1097,false],"inspiro-loop":["https:\/\/recyfer.com\/wp-content\/uploads\/2025\/04\/planet-8660653_1920-950x320.jpg",950,320,true],"inspiro-loop@2x":["https:\/\/recyfer.com\/wp-content\/uploads\/2025\/04\/planet-8660653_1920-1900x640.jpg",1900,640,true],"portfolio_item-thumbnail":["https:\/\/recyfer.com\/wp-content\/uploads\/2025\/04\/planet-8660653_1920-600x400.jpg",600,400,true],"portfolio_item-thumbnail@2x":["https:\/\/recyfer.com\/wp-content\/uploads\/2025\/04\/planet-8660653_1920-1200x800.jpg",1200,800,true],"portfolio_item-masonry":["https:\/\/recyfer.com\/wp-content\/uploads\/2025\/04\/planet-8660653_1920-600x343.jpg",600,343,true],"portfolio_item-masonry@2x":["https:\/\/recyfer.com\/wp-content\/uploads\/2025\/04\/planet-8660653_1920-1200x686.jpg",1200,686,true],"portfolio_item-thumbnail_cinema":["https:\/\/recyfer.com\/wp-content\/uploads\/2025\/04\/planet-8660653_1920-800x335.jpg",800,335,true],"portfolio_item-thumbnail_portrait":["https:\/\/recyfer.com\/wp-content\/uploads\/2025\/04\/planet-8660653_1920-600x900.jpg",600,900,true],"portfolio_item-thumbnail_portrait@2x":["https:\/\/recyfer.com\/wp-content\/uploads\/2025\/04\/planet-8660653_1920-1200x1097.jpg",1200,1097,true],"portfolio_item-thumbnail_square":["https:\/\/recyfer.com\/wp-content\/uploads\/2025\/04\/planet-8660653_1920-800x800.jpg",800,800,true]},"_links":{"self":[{"href":"https:\/\/recyfer.com\/index.php?rest_route=\/wp\/v2\/pages\/19","targetHints":{"allow":["GET"]}}],"collection":[{"href":"https:\/\/recyfer.com\/index.php?rest_route=\/wp\/v2\/pages"}],"about":[{"href":"https:\/\/recyfer.com\/index.php?rest_route=\/wp\/v2\/types\/page"}],"author":[{"embeddable":true,"href":"https:\/\/recyfer.com\/index.php?rest_route=\/wp\/v2\/users\/1"}],"replies":[{"embeddable":true,"href":"https:\/\/recyfer.com\/index.php?rest_route=%2Fwp%2Fv2%2Fcomments&post=19"}],"version-history":[{"count":13,"href":"https:\/\/recyfer.com\/index.php?rest_route=\/wp\/v2\/pages\/19\/revisions"}],"predecessor-version":[{"id":194,"href":"https:\/\/recyfer.com\/index.php?rest_route=\/wp\/v2\/pages\/19\/revisions\/194"}],"wp:featuredmedia":[{"embeddable":true,"href":"https:\/\/recyfer.com\/index.php?rest_route=\/wp\/v2\/media\/119"}],"wp:attachment":[{"href":"https:\/\/recyfer.com\/index.php?rest_route=%2Fwp%2Fv2%2Fmedia&parent=19"}],"curies":[{"name":"wp","href":"https:\/\/api.w.org\/{rel}","templated":true}]}}